{"id":15218,"date":"2021-05-18T19:18:58","date_gmt":"2021-05-18T22:18:58","guid":{"rendered":"https:\/\/www.life-sip.com.br\/site\/?page_id=15218"},"modified":"2021-06-07T21:33:51","modified_gmt":"2021-06-08T00:33:51","slug":"transbordo-externo-inteligente","status":"publish","type":"page","link":"https:\/\/www.life-sip.com.br\/site\/transbordo-externo-inteligente\/","title":{"rendered":"Transbordo Externo Inteligente"},"content":{"rendered":"<p><\/p>\n<div class=\"wp-block-image is-style-rounded\">\n<figure class=\"aligncenter size-large is-resized\"><a href=\"https:\/\/www.life-sip.com.br\/site\/wp-content\/uploads\/2021\/05\/transbordo-capa-edit2-min.jpg\"><img loading=\"lazy\" decoding=\"async\" src=\"https:\/\/www.life-sip.com.br\/site\/wp-content\/uploads\/2021\/05\/transbordo-capa-edit2-min.jpg\" alt=\"\" class=\"wp-image-15219\" width=\"666\" height=\"445\" srcset=\"https:\/\/www.life-sip.com.br\/site\/wp-content\/uploads\/2021\/05\/transbordo-capa-edit2-min.jpg 780w, https:\/\/www.life-sip.com.br\/site\/wp-content\/uploads\/2021\/05\/transbordo-capa-edit2-min-300x200.jpg 300w, https:\/\/www.life-sip.com.br\/site\/wp-content\/uploads\/2021\/05\/transbordo-capa-edit2-min-768x513.jpg 768w, https:\/\/www.life-sip.com.br\/site\/wp-content\/uploads\/2021\/05\/transbordo-capa-edit2-min-480x320.jpg 480w\" sizes=\"auto, (max-width: 666px) 100vw, 666px\" \/><\/a><\/figure>\n<\/div>\n<p><\/p>\n<p><\/p>\n<p>Com o modulo de transbordo externo inteligente, o condom\u00ednio consegue chegar ao morador onde quer que ele esteja.<\/p>\n<p><\/p>\n<p><\/p>\n<h2 class=\"wp-block-heading\">Funciona assim:<\/h2>\n<p><\/p>\n<p><\/p>\n<div class=\"wp-block-image is-style-rounded\">\n<figure class=\"aligncenter size-large is-resized\"><a href=\"https:\/\/www.life-sip.com.br\/site\/wp-content\/uploads\/2021\/05\/transbordo1-1-min.png\"><img loading=\"lazy\" decoding=\"async\" src=\"https:\/\/www.life-sip.com.br\/site\/wp-content\/uploads\/2021\/05\/transbordo1-1-min-1024x412.png\" alt=\"\" class=\"wp-image-15222\" width=\"853\" height=\"342\" srcset=\"https:\/\/www.life-sip.com.br\/site\/wp-content\/uploads\/2021\/05\/transbordo1-1-min-1024x412.png 1024w, https:\/\/www.life-sip.com.br\/site\/wp-content\/uploads\/2021\/05\/transbordo1-1-min-300x121.png 300w, https:\/\/www.life-sip.com.br\/site\/wp-content\/uploads\/2021\/05\/transbordo1-1-min-768x309.png 768w, https:\/\/www.life-sip.com.br\/site\/wp-content\/uploads\/2021\/05\/transbordo1-1-min.png 1048w\" sizes=\"auto, (max-width: 853px) 100vw, 853px\" \/><\/a><\/figure>\n<\/div>\n<p><\/p>\n<p><\/p>\n<p>E realizado a configura\u00e7\u00e3o com os n\u00fameros fixos \/ m\u00f3veis \/ e-mails referentes a cada unidade.<br \/>No momento da realiza\u00e7\u00e3o da chamada para a unidade do condom\u00ednio, o sistema identifica que n\u00e3o existe ningu\u00e9m dispon\u00edvel na unidade para atender a chamada e come\u00e7a a fazer o transbordo para que a chamada seja atendida, desta forma:<\/p>\n<p><\/p>\n<p><\/p>\n<ul class=\"wp-block-list\">\n<li>Liga\u00e7\u00f5es em sequ\u00eancia para os n\u00fameros de telefone cadastrados ( fixos e m\u00f3veis ), em caso de atendimento da chamada o sistema identifica que o transbordo foi feito com sucesso e encerra sua execu\u00e7\u00e3o ( <strong>n\u00e3o h\u00e1 limite de n\u00fameros cadastrados e o tempo de toque nos n\u00fameros \u00e9 configur\u00e1vel<\/strong> )<\/li>\n<\/ul>\n<p><\/p>\n<p><\/p>\n<ul class=\"wp-block-list\">\n<li>Caso os moradores n\u00e3o atendam nenhuma tentativa de chamada aos n\u00fameros cadastrados o sistema envia um e-mail de sinaliza\u00e7\u00e3o aos emails cadastrados informando que ocorreu em sua unidade uma tentativa de contato sem sucesso e solicita ao cliente que entre em contato com a central para maiores informa\u00e7\u00f5es ( <strong>os dados do email como remetente, titulo, mensagem s\u00e3o personaliz\u00e1veis e n\u00e3o h\u00e1 limite de emails cadastrados, o email \u00e9 enviado para todos ao mesmo tempo<\/strong> ).<\/li>\n<\/ul>\n<p><\/p>\n<p><\/p>\n<p>O email utilizado para envio pode ser o da pr\u00f3pria empresa administradora do condom\u00ednio, criando assim maior credibilidade e melhorando o \u00edndice de leitura pelos usu\u00e1rios.<\/p>\n<p><\/p>\n<p><\/p>\n<h2 class=\"wp-block-heading\">Integra\u00e7\u00e3o com base de dados legada:<\/h2>\n<p><\/p>\n<p><\/p>\n<ul class=\"wp-block-list\">\n<li>O sistema se integra a base de dados do sistema de cadastro dos clientes de forma personalizada a cada sistema para busca de dados de contato dos clientes, evitando retrabalho e novos cadastros.<\/li>\n<\/ul>\n<p><\/p>\n<p><\/p>\n<p>Neste momento o sistema salva os dados da chamada no sistema voip de telefonia Life Sip para consulta posterior e encerra a tentativa de contato.<\/p>\n<p><\/p>\n<p><\/p>\n<div class=\"wp-block-image is-style-rounded\">\n<figure class=\"aligncenter size-large\"><a href=\"https:\/\/www.life-sip.com.br\/site\/wp-content\/uploads\/2021\/05\/rapido-facil-eficiente-1.png\"><img loading=\"lazy\" decoding=\"async\" width=\"525\" height=\"51\" src=\"https:\/\/www.life-sip.com.br\/site\/wp-content\/uploads\/2021\/05\/rapido-facil-eficiente-1.png\" alt=\"\" class=\"wp-image-15221\" srcset=\"https:\/\/www.life-sip.com.br\/site\/wp-content\/uploads\/2021\/05\/rapido-facil-eficiente-1.png 525w, https:\/\/www.life-sip.com.br\/site\/wp-content\/uploads\/2021\/05\/rapido-facil-eficiente-1-300x29.png 300w, https:\/\/www.life-sip.com.br\/site\/wp-content\/uploads\/2021\/05\/rapido-facil-eficiente-1-520x51.png 520w\" sizes=\"auto, (max-width: 525px) 100vw, 525px\" \/><\/a><\/figure>\n<\/div>\n<p><\/p>\n<p><\/p>\n<div class=\"wp-block-image is-style-rounded\">\n<figure class=\"aligncenter size-large is-resized\"><a href=\"https:\/\/www.life-sip.com.br\/site\/wp-content\/uploads\/2021\/03\/seta-red3.png\"><img loading=\"lazy\" decoding=\"async\" src=\"https:\/\/www.life-sip.com.br\/site\/wp-content\/uploads\/2021\/03\/seta-red3.png\" alt=\"\" class=\"wp-image-15190\" width=\"775\" height=\"295\" srcset=\"https:\/\/www.life-sip.com.br\/site\/wp-content\/uploads\/2021\/03\/seta-red3.png 870w, https:\/\/www.life-sip.com.br\/site\/wp-content\/uploads\/2021\/03\/seta-red3-300x114.png 300w, https:\/\/www.life-sip.com.br\/site\/wp-content\/uploads\/2021\/03\/seta-red3-768x293.png 768w\" sizes=\"auto, (max-width: 775px) 100vw, 775px\" \/><\/a><\/figure>\n<\/div>\n<p><\/p>\n<p>\n<!--IMPORTACAO JS PERSONALIZADO LS - POPUP -->\n<script type=\"text\/javascript\" src=\"http:\/\/www.life-sip.com.br\/site\/popup\/jquery-1.11.3.min.js\"><\/script>\n<script type=\"text\/javascript\" src=\"http:\/\/www.life-sip.com.br\/site\/popup\/bpopup.js\"><\/script>\n<script type=\"text\/javascript\" src=\"http:\/\/www.life-sip.com.br\/site\/popup\/meligue.js\"><\/script>\n<!--FIM IMPORTACAO JS PERSONALIZADO - POPUP -->\n<!-- IFRAME POPUP MODULO BUSINESS -->\n<div id=\"degustacao\" style=\"display: none;\"><iframe loading=\"lazy\" id=\"clicktocall\" src=\"http:\/\/www.life-sip.com.br\/site\/forms\/modulopainelfilas.html\" width=\"460\" height=\"680px\" frameborder=\"0\"><\/iframe><\/div>\n<!-- FIM IFRAME DEGUSTACAO -->\n<h2>Solicite agora seu or\u00e7amento saia na frente em tecnologia e gest\u00e3o de inteligencia em telecomunica\u00e7\u00f5es clicando <span onclick=\"javascript:popupframemkt('degustacao');\" onmouseover=\"\" style=\"color: #ff0000; cursor: pointer;\">aqui.<\/span><\/h2>\n<script type='text\/javascript'>\nsetTimeout(() => {\n    popupframemkt('degustacao'); \n  }, 20000);\n\n<\/script>\n\n<\/p>\n<p><\/p>\n<figure class=\"wp-block-image size-large is-style-rounded\"><a href=\"https:\/\/www.life-sip.com.br\/site\/wp-content\/uploads\/2014\/02\/contatoshome1.jpg\"><img loading=\"lazy\" decoding=\"async\" width=\"1020\" height=\"60\" src=\"https:\/\/www.life-sip.com.br\/site\/wp-content\/uploads\/2014\/02\/contatoshome1.jpg\" alt=\"\" class=\"wp-image-13823\" srcset=\"https:\/\/www.life-sip.com.br\/site\/wp-content\/uploads\/2014\/02\/contatoshome1.jpg 1020w, https:\/\/www.life-sip.com.br\/site\/wp-content\/uploads\/2014\/02\/contatoshome1-300x18.jpg 300w\" sizes=\"auto, (max-width: 1020px) 100vw, 1020px\" \/><\/a><\/figure>\n<p><\/p>\n<p><\/p>\n<h2 class=\"wp-block-heading\">M\u00f3dulos para PABX<\/h2>\n<p><\/p>\n<p>\n<ul class=\"wp-block-list\" id=\"modulos\"><li><a href=\"https:\/\/www.life-sip.com.br\/site\/painel-de-filas\/\" title=\"Painel de Filas\">Painel de Filas e Estat\u00edsticas<\/a><\/li><li><a href=\"https:\/\/www.life-sip.com.br\/site\/pesquisa-de-satisfacao\/\" target=\"_blank\" rel=\"noreferrer noopener\" title=\"Pesquisa de Satisfa\u00e7\u00e3o\">Pesquisa de Satisfa\u00e7\u00e3o<\/a><\/li><li><a href=\"https:\/\/www.life-sip.com.br\/site\/business-inteligence\/\" target=\"_blank\" rel=\"noreferrer noopener\" title=\"BI VOIP \u2013 Business Inteligence\">Leads clean &#8211; Limpeza de lista de n\u00fameros para callcenter <\/a><\/li><li><a href=\"https:\/\/www.life-sip.com.br\/site\/transbordo-externo-inteligente\/\" title=\"Transbordo Externo Inteligente\">Transbordo externo inteligente &#8211; Integra\u00e7\u00e3o Base de Dados<\/a><\/li><\/ul>\n<\/p>\n<p><\/p>\n<h2 class=\"wp-block-heading\">Outros conte\u00fados&#8230;<\/h2>\n<p><\/p>\n<p><ul class=\"wp-block-latest-posts__list wp-block-latest-posts\"><li><a class=\"wp-block-latest-posts__post-title\" href=\"https:\/\/www.life-sip.com.br\/site\/integracao-whatsapp-call-api-pabx-ip\/\">Integ Whatsapp Call-Api -> Pabx IP<\/a><\/li>\n<li><a class=\"wp-block-latest-posts__post-title\" href=\"https:\/\/www.life-sip.com.br\/site\/o-futuro-do-voip-com-ia-ja-em-2023\/\">O futuro do VoIP com IA j\u00e1 em 2023<\/a><\/li>\n<li><a class=\"wp-block-latest-posts__post-title\" href=\"https:\/\/www.life-sip.com.br\/site\/como-melhorar-a-qualidade-das-suas-ligacoes-voip\/\">Como melhorar a qualidade das suas liga\u00e7\u00f5es VOIP<\/a><\/li>\n<li><a class=\"wp-block-latest-posts__post-title\" href=\"https:\/\/www.life-sip.com.br\/site\/como-diagnosticar-problemas-de-voip-em-2-minutos\/\">Como diagnosticar problemas de Voip em 2 minutos<\/a><\/li>\n<li><a class=\"wp-block-latest-posts__post-title\" href=\"https:\/\/www.life-sip.com.br\/site\/voip-tendencias-mostram-como-tecnologia-sera-importante-nos-proximos-anos-2\/\">VoIP: tend\u00eancias mostram como tecnologia ser\u00e1 importante nos pr\u00f3ximos anos<\/a><\/li>\n<\/ul><\/p>\n","protected":false},"excerpt":{"rendered":"<p>Com o modulo de transbordo externo inteligente, o condom\u00ednio consegue chegar ao morador onde quer que ele esteja. Funciona assim: E realizado a configura\u00e7\u00e3o com os n\u00fameros fixos \/ m\u00f3veis \/ e-mails referentes a cada unidade.No momento da realiza\u00e7\u00e3o da chamada para a unidade do&#8230;<\/p>\n","protected":false},"author":3,"featured_media":15219,"parent":0,"menu_order":0,"comment_status":"closed","ping_status":"closed","template":"","meta":{"_joinchat":[],"footnotes":""},"class_list":["post-15218","page","type-page","status-publish","has-post-thumbnail","hentry"],"aioseo_notices":[],"_links":{"self":[{"href":"https:\/\/www.life-sip.com.br\/site\/wp-json\/wp\/v2\/pages\/15218","targetHints":{"allow":["GET"]}}],"collection":[{"href":"https:\/\/www.life-sip.com.br\/site\/wp-json\/wp\/v2\/pages"}],"about":[{"href":"https:\/\/www.life-sip.com.br\/site\/wp-json\/wp\/v2\/types\/page"}],"author":[{"embeddable":true,"href":"https:\/\/www.life-sip.com.br\/site\/wp-json\/wp\/v2\/users\/3"}],"replies":[{"embeddable":true,"href":"https:\/\/www.life-sip.com.br\/site\/wp-json\/wp\/v2\/comments?post=15218"}],"version-history":[{"count":0,"href":"https:\/\/www.life-sip.com.br\/site\/wp-json\/wp\/v2\/pages\/15218\/revisions"}],"wp:featuredmedia":[{"embeddable":true,"href":"https:\/\/www.life-sip.com.br\/site\/wp-json\/wp\/v2\/media\/15219"}],"wp:attachment":[{"href":"https:\/\/www.life-sip.com.br\/site\/wp-json\/wp\/v2\/media?parent=15218"}],"curies":[{"name":"wp","href":"https:\/\/api.w.org\/{rel}","templated":true}]}}