{"id":14500,"date":"2015-08-13T14:54:58","date_gmt":"2015-08-13T17:54:58","guid":{"rendered":"http:\/\/www.life-sip.com.br\/site\/?page_id=14500"},"modified":"2016-02-22T21:34:29","modified_gmt":"2016-02-23T00:34:29","slug":"tarifador","status":"publish","type":"page","link":"https:\/\/www.life-sip.com.br\/site\/tarifador\/","title":{"rendered":"Tarifador Online &#8211; LS"},"content":{"rendered":"[vc_row][vc_column][vc_column_text]\n<h2>Vis\u00e3o Geral<\/h2>\n<p>O Tarifador online Life Sip \u00e9 um sistema completo de gest\u00e3o de custos e utiliza\u00e7\u00e3o de contas voip de forma integrada e completa.<\/p>\n<h2>Como funciona:<\/h2>\n<p style=\"text-align: justify;\">Todos os clientes recebem uma senha de acesso ao tarifador online, onde pode acompanhar em tempo real os custos de sua conta voip, gerando relat\u00f3rios e gr\u00e1ficos para documenta\u00e7\u00e3o e maior controle dos gastos realizados.<\/p>\n<h2>Principais Caracter\u00edsticas:<\/h2>\n<ul>\n<li><strong>Usu\u00e1rios<\/strong><br \/>\n&#8211; Configura\u00e7\u00e3o de usu\u00e1rios<br \/>\n&#8211; Configura\u00e7\u00e3o de contas voip (vinculadas aos usu\u00e1rios)<br \/>\n&#8211; Chamadas online em tempo real<br \/>\n&#8211; Caller id (assinaturas Cli)<br \/>\n&#8211; Black List<\/li>\n<li><strong>DID<\/strong><br \/>\n&#8211; Contrata\u00e7\u00e3o de n\u00famero receptivo para recebimento de chamadas<br \/>\n&#8211; Configura\u00e7\u00e3o de Fila de espera<br \/>\n&#8211; Configura\u00e7\u00e3o de Agentes<\/li>\n<li><strong>Financeiro<\/strong><br \/>\n&#8211; Pagamento automatizado via boleto\/paypal<br \/>\n&#8211; Aviso de saldo baixo<br \/>\n&#8211; Gera\u00e7ao de boleto self service &#8211; incluse segunda via<\/li>\n<li><strong>Relat\u00f3rios<\/strong><br \/>\n&#8211; Extrato de liga\u00e7\u00f5es gerais<br \/>\n&#8211; CDR agrupado por dia ou m\u00eas<br \/>\n&#8211; Exporta\u00e7\u00e3o de dados em formato csv ou xls<br \/>\n&#8211; Gera\u00e7\u00e3o de gr\u00e1ficos de utiliza\u00e7\u00e3o para apresenta\u00e7\u00e3o gerencial<br \/>\n&#8211; Relat\u00f3rio de utiliza\u00e7\u00e3o por troncos de sa\u00edda<br \/>\n&#8211; Relat\u00f3rio de liga\u00e7\u00f5es falhadas<\/li>\n<li><strong>Campanhas de Voz e Sms<\/strong><br \/>\n&#8211; Gera\u00e7\u00e3o de campanhas automaticas de voz e sms<br \/>\n&#8211; Agendamento, inicio e pause de campanhas conforme demanda.<br \/>\n&#8211; Enquetes para campanhas de sms<\/li>\n<li><strong>Tarifas<\/strong><br \/>\n&#8211; Relat\u00f3rio de tarifas por prefixo<\/li>\n<\/ul>\n[\/vc_column_text][vc_separator type=&#8221;transparent&#8221; position=&#8221;center&#8221;][vc_gallery type=&#8221;image_grid&#8221; interval=&#8221;3&#8243; images=&#8221;14760,14761,14762&#8243; onclick=&#8221;link_image&#8221; custom_links_target=&#8221;_self&#8221; column_number=&#8221;3&#8243; title=&#8221;Screenshot&#8221;][vc_separator type=&#8221;transparent&#8221; position=&#8221;center&#8221;][vc_raw_html]\n<p>JTNDJTIxLS0lMjBJRlJBTUUlMjBQT1BVUCUyME1FJTIwTElHVUUlMjAtLSUzRSUwQSUzQ2RpdiUyMGlkJTNEJTIyZGVndXN0YWNhbyUyMiUyMHN0eWxlJTNEJTIyZGlzcGxheSUzQSUyMG5vbmUlM0IlMjIlM0UlM0NpZnJhbWUlMjBpZCUzRCUyMmNsaWNrdG9jYWxsJTIyJTIwc3JjJTNEJTIyaHR0cHMlM0ElMkYlMkZhcHAuZ2V0cmVzcG9uc2UuY29tJTJGc2l0ZTIlMkZsZWFkc19sYW5kaW5nJTNGdSUzRDQ3c2IlMjZhbXAlM0J3ZWJmb3Jtc19pZCUzRDE4NTk4MDMlMjIlMjB3aWR0aCUzRCUyMjUwMCUyMiUyMGhlaWdodCUzRCUyMjc1MHB4JTIyJTIwZnJhbWVib3JkZXIlM0QlMjIwJTIyJTNFJTNDJTJGaWZyYW1lJTNFJTNDJTJGZGl2JTNFJTBBJTNDJTIxLS0lMjBGSU0lMjBJRlJBTUUlMjBNRSUyMExJR1VFJTIwLS0lM0UlMEElM0NoMyUzRVNvbGljaXRlJTIwYWdvcmElMjBzdWElMjBkZWd1c3RhJUMzJUE3JUMzJUEzbyUyMGUlMjBnYXJhbnRhJTIwYSUyMG1lbGhvciUyMHF1YWxpZGFkZSUyMGVtJTIwdGVsZWNvbXVuaWNhJUMzJUE3JUMzJUI1ZXMlMjBjbGljYW5kbyUyMCUzQ3NwYW4lMjBvbmNsaWNrJTNEJTIyamF2YXNjcmlwdCUzQXBvcHVwZnJhbWUlMjglMjdkZWd1c3RhY2FvJTI3JTI5JTNCJTIyJTIwb25tb3VzZW92ZXIlM0QlMjIlMjIlMjBzdHlsZSUzRCUyMmNvbG9yJTNBJTIwJTIzZmYwMDAwJTNCJTIwY3Vyc29yJTNBJTIwcG9pbnRlciUzQiUyMiUzRWFxdWkuJTNDJTJGc3BhbiUzRSUzQyUyRmgzJTNF<\/p>\n[\/vc_raw_html]<div class='q_message  with_icon' style='border-color: #000000;'><div class='q_message_inner'><div class=\"q_message_icon_holder\"><div class=\"q_message_icon\"><div class=\"q_message_icon_inner\"><img decoding=\"async\" src=\"https:\/\/www.life-sip.com.br\/site\/wp-content\/uploads\/2015\/08\/icon-contato-vermelho.png\" alt=\"\"><\/div><\/div><\/div><a href='#' class='close'><i class='fa fa-times dark'><\/i><\/a><div class='message_text_holder'><div class='message_text'><div class='message_text_inner'>\n<p>Para solicitar seu or\u00e7amento ou demonstra\u00e7\u00e3o agora acesse &#8211; <a href=\"http:\/\/www.life-sip.com.br\/site\/fale-conosco\/\">fale conosco<\/a>\u00a0ou entre em contato em\u00a0nossos telefones de atendimento.<\/p>\n<\/div><\/div><\/div><\/div><\/div>[vc_separator type=&#8221;transparent&#8221; position=&#8221;center&#8221;][vc_raw_js]\n<p>JTNDc2NyaXB0JTIwdHlwZSUzRCUyN3RleHQlMkZqYXZhc2NyaXB0JTI3JTNFJTIwJTBBJTIwJTIwJTI4ZnVuY3Rpb24lMjhpJTJDcyUyQ28lMkNnJTJDciUyQ2ElMkNtJTI5JTdCaSU1QiUyN0dvb2dsZUFuYWx5dGljc09iamVjdCUyNyU1RCUzRHIlM0JpJTVCciU1RCUzRGklNUJyJTVEJTdDJTdDZnVuY3Rpb24lMjglMjklN0IlMEElMjAlMjAlMjhpJTVCciU1RC5xJTNEaSU1QnIlNUQucSU3QyU3QyU1QiU1RCUyOS5wdXNoJTI4YXJndW1lbnRzJTI5JTdEJTJDaSU1QnIlNUQubCUzRDElMkFuZXclMjBEYXRlJTI4JTI5JTNCYSUzRHMuY3JlYXRlRWxlbWVudCUyOG8lMjklMkMlMEElMjAlMjBtJTNEcy5nZXRFbGVtZW50c0J5VGFnTmFtZSUyOG8lMjklNUIwJTVEJTNCYS5hc3luYyUzRDElM0JhLnNyYyUzRGclM0JtLnBhcmVudE5vZGUuaW5zZXJ0QmVmb3JlJTI4YSUyQ20lMjklMEElMjAlMjAlN0QlMjklMjh3aW5kb3clMkNkb2N1bWVudCUyQyUyN3NjcmlwdCUyNyUyQyUyNyUyRiUyRnd3dy5nb29nbGUtYW5hbHl0aWNzLmNvbSUyRmFuYWx5dGljcy5qcyUyNyUyQyUyN2dhJTI3JTI5JTNCJTBBJTBBJTIwJTIwZ2ElMjglMjdjcmVhdGUlMjclMkMlMjAlMjdVQS02MjE3NjQzOC0xJTI3JTJDJTIwJTI3YXV0byUyNyUyOSUzQiUwQSUyMCUyMGdhJTI4JTI3c2VuZCUyNyUyQyUyMCUyN3BhZ2V2aWV3JTI3JTI5JTNCJTBBJTBBJTNDJTJGc2NyaXB0JTNF<\/p>\n[\/vc_raw_js][\/vc_column][\/vc_row]\n","protected":false},"excerpt":{"rendered":"<p>[vc_row][vc_column][vc_column_text] Vis\u00e3o Geral O Tarifador online Life Sip \u00e9 um sistema completo de gest\u00e3o de custos e utiliza\u00e7\u00e3o de contas voip de forma integrada e completa. Como funciona: Todos os clientes recebem uma senha de acesso ao tarifador online, onde pode acompanhar em tempo real&#8230;<\/p>\n","protected":false},"author":2,"featured_media":0,"parent":0,"menu_order":0,"comment_status":"open","ping_status":"open","template":"","meta":{"_joinchat":[],"footnotes":""},"class_list":["post-14500","page","type-page","status-publish","hentry"],"aioseo_notices":[],"_links":{"self":[{"href":"https:\/\/www.life-sip.com.br\/site\/wp-json\/wp\/v2\/pages\/14500","targetHints":{"allow":["GET"]}}],"collection":[{"href":"https:\/\/www.life-sip.com.br\/site\/wp-json\/wp\/v2\/pages"}],"about":[{"href":"https:\/\/www.life-sip.com.br\/site\/wp-json\/wp\/v2\/types\/page"}],"author":[{"embeddable":true,"href":"https:\/\/www.life-sip.com.br\/site\/wp-json\/wp\/v2\/users\/2"}],"replies":[{"embeddable":true,"href":"https:\/\/www.life-sip.com.br\/site\/wp-json\/wp\/v2\/comments?post=14500"}],"version-history":[{"count":0,"href":"https:\/\/www.life-sip.com.br\/site\/wp-json\/wp\/v2\/pages\/14500\/revisions"}],"wp:attachment":[{"href":"https:\/\/www.life-sip.com.br\/site\/wp-json\/wp\/v2\/media?parent=14500"}],"curies":[{"name":"wp","href":"https:\/\/api.w.org\/{rel}","templated":true}]}}